at is the value of 1 + 42 + (-231 - (-8 - 56))?
-124
Calculate 46 + (14 - (106 - 19)).
-27
What is 15 + (38 - 83) + 30 + -28?
-28
Calculate -32 + (-1 - ((-2 - 2) + -57 + 53 + 5)).
-30
What is the value of 9 + -45 - (1 + -14) - -35?
12
What is the value of -19 + (-61 - -104) + -30?
-6
Evaluate -20 - (1 - (15 + 23)).
17
What is the value of -92 + 38 - (5 + -72)?
13
Evaluate 0 - -5 - 2 - (-18 - -5) - (7 + -56).
65
What is the value of (-39 - (25 + -10 + 2)) + 2 + (5 - -3)?
-46
Evaluate -55 - (73 - (101 - -61)).
34
What is the value of (5 - (16 + -10) - -13) + (39 - 29)?
22
What is the value of (81 - 2) + -87 - -65?
57
Evaluate 26 + 11 + -35 - (1 + 2 + -11).
10
19 - -1 - (-1 - (11 + (9 - 33)) - 6)
14
What is -58 + (20 - 26) - 6 - (-3 - -10)?
-77
Evaluate 4 + (2 - 8) + 0 + 20 + -14.
4
Calculate 17 + (-14 - (-140 + 30 - -28)).
85
Calculate 71 - (-103 + (376 - 117)).
-85
(-1040 - -950) + (0 - -55)
-35
Calculate (0 + 0 - (16 + -14)) + 6 - 2 - 70.
-68
What is the value of 54 - 8 - (236 + -154)?
-36
What is 65 + -53 + -54 + 36 + -2?
-8
Calculate -191 + 203 + -28 + 25.
9
Calculate 34 + 22 + (36 + -16 - 29).
47
(-3 - (-2 - -10)) + (-23 + 47 - 19)
-6
What is the value of 3 + (-56 - -127) - 8?
66
(-2332 + 2327 - ((0 - 67) + 6 + -7)) + -12
51
Evaluate -55 + (-3 - -20) - -37.
-1
What is -3 + 20 - (-6099 - -6254)?
-138
Calculate 672 + -597 + (-9 - -4).
70
What is the value of -67 + -4 + (-39 - -53)?
-57
What is (-88 - 33 - -33) + 16?
-72
Calculate 0 - -12 - 4 - (-9 + 3 + (-2 - -2)).
14
What is the value of -26 + (2 - (4 + 9) - -7 - -10)?
-20
Calculate (18 - (41 - 17)) + (4 - 9 - 22).
-33
23 - (34 - (2 + -2))
-11
What is the value of 55 + (45 - 88 - -42)?
54
Calculate -15 - -22 - (9 - -1 - ((-60 - -7) + 4)).
-52
Calculate 1 + 1 + -10 + 8 + 113 + -132.
-19
What is the value of (-84 - -47 - -50) + 134 + 1 + -14 + -2?
132
Calculate -2 + (-7 - 1) - (-3 + 1 + (26 - 73)).
39
Evaluate (19 - (87 - -14)) + -12 + 2 + 73 + -71.
-90
Calculate -78 + 47 + 30 - -18.
17
Calculate -13 + -113 + -121 + 258.
11
What is 64 + -2 + -4 + (-5 - 0) + 4?
57
-60 - (8 - 6 - (-30 - -1 - -22))
-69
What is 140 + 117 + -141 - (4 + 38)?
74
Calculate (-20 - -15) + (10 - (-3 - -21)) + 8.
-5
What is 99 - (16 + (-20 - 10 - -21 - -7))?
85
Evaluate (-9 + -4 + 7 - -9) + 2 + 3 + -78.
-70
Evaluate 40 - (-2 + (7 - 5) + (0 - 10)).
50
Calculate -54 - (-67 + 73 + -26).
-34
18 - 31 - (67 - 93)
13
What is -56 + -28 + 49 + -9 + 6?
-38
What is ((-33 - -22) + -9 - 4) + 14?
-10
Calculate 4 + -13 + (-1 - 2) + (-107 - -178).
59
What is -31 + 17 + 9 - -51?
46
Evaluate (-24 - (39 + -68 + -8)) + -13 + 2.
2
Calculate -9 - -2 - (0 + -9) - (-116 + 20).
98
What is the value of (0 - 4) + -22 + (19 - (12 + -14)) + 48?
43
Evaluate -5 + 23 + (16 - 61).
-27
Calculate 2 + 6 - 17 - (-25 - -2) - -10.
24
1 + 11 + (26 + -6 - 38) + 18
12
Evaluate -59 + 0 + 62 + -1 + -66.
-64
Calculate -36 + (-5 - (-18 - 7)) - 32.
-48
What is (3 - 11) + 21 + -7 + (-6 - (15 + -45))?
30
20 + -1 - (33 - 27) - (-133 - -100)
46
129 - 38 - (5 + 6 - 20 - 9)
109
What is (-46 - (-6 + 1 - -3)) + (-948 - -951)?
-41
Evaluate -23 - (-18 - -14) - -15 - (1 - -1).
-6
What is -8 + 16 - ((-22 - -16) + -16 + 13 + 7)?
10
Calculate -1 + 2 + -33 + (-50 - -63).
-19
Calculate 25 - ((-2 - 9) + -26 + 34).
28
Calculate 23 - (-42 - (-29 + 12)) - 2.
46
Calculate 11 - -34 - (7 + 2 + -56 + 59 - 9).
42
What is the value of 9 - (-79 - (-140 - -84) - (1 - -9))?
42
104 - (-39 + 52) - 49
42
Calculate -7 - (7 - (20 + 17)) - (1 + 14).
8
What is the value of -1 + (-5 - -7 - 94) + (-2 - (0 - -10))?
-105
What is 13 + -13 + 8 + (-12 - -15) + -4?
7
Evaluate 1 + -103 + 1 - (59 + -54) - (280 + -282).
-104
Calculate -59 + 3 - (-14 + 21 + -4 - 6).
-53
Evaluate 31 + 8 + -41 - 25.
-27
Evaluate (9 - (4 - -6 - (-1 - -2))) + (106 - 27).
79
2 + 10 + 21 + -43 + -66 + 9
-67
What is (58 - 0) + (793 - 793) + (5 - -2)?
65
Evaluate 5 - (-1 + 44 - -18).
-56
Calculate 95 + -87 - 3 - (-2 + 48 - 2).
-39
Calculate -10 + 3 + -65 - (-12 + 3 + 3 + -2).
-64
4 + -8 + (-15 - -19) + -20
-20
Evaluate 34 + -27 + (30 - -2).
39
Calculate -85 + 68 + (20 - 42).
-39
What is the value of (-91 + 8 - -16) + 1?
-66
Calculate 8 - 98 - -8 - (-37 - -37 - (6 + 0)).
-76
What is -5 + (7 + (10 - 11) - -34)?
35
What is (-2 - 15) + (89 - -60 - (27 + 12))?
93
What is (-14 - 46) + (-6 - (23 + -9 + -32))?
-48
Calculate 20 - (6 + (4 - 7)) - (42 + -43 + 7).
11
What is (3 - 1) + 21 + (617 - 617) + -152?
-129
Calculate 12 - 7 - (-4 - -18) - 11.
-20
Calculate 35 - (-22 + 17 - -51).
-11
What is -224 - -144 - (-23 - 38)?
-19
Evaluate (5 + -3 - 9) + (0 + -49 - (369 + -376)).
-49
Calculate -10 - (-1 + (-2 - -3)) - (1265 - 1235).
-40
Evaluate -75 + 72 + (19 - 1) + -1 + -2 + 72.
84
Evaluate (-24 - -2 - -30 - (-6 + -1)) + -6.
9
Calculate (-136 - -111) + 6 + 11.
-8
-76 + 233 - (32 - -9)
116
66 - (-30 - (-85 - 17))
-6
What is the value of (30 - 18) + 476 + -599?
-111
Evaluate (10 - 67) + 2 - (-6 - 14).
-35
What is the value of -1174 + 1130 + (9 - 0)?
-35
What is -9 - -2 - (-35 + -41 + -10) - (-3 - -8)?
74
Evaluate 2626 + -2563 - (0 - -46).
17
What is (4 + (-3 - 1) - -1 - -40) + -685 + 681?
37
What is the value of -19 - -1 - (6 + -4 + -8 - (-4 - 6))?
-22
-68 - -163 - (24 + 15)
56
Calculate -10 - (17 - -54 - -15) - ((-3 - 6) + -1).
-86
Evaluate -12 - (-1 - (24 + -31)) - (2 + -2 + 3).
-21
What is -18 + (-12 - -20) + (14 - 14 - -10)?
0
What is the value of (-383 - -392) + 26 + (1 - 1)?
35
(-14 - (-9 + 15 + -58)) + (-14 - 2)
22
Calculate -1 + (5 - -3) + (31 + -110 - 20).
-92
What is the value of 15 - (57 + -37) - (-7 + 0)?
2
What is the value of -37 + 21 + -54 + -1 + 23?
-48
-77 - (-68 + 33) - (5 + -3 + -10) - -1
-33
(70 + -29 + -17 - 56) + 86
54
What is the value of 24 + -11 + 1 + -3 + -9 + -54?
-52
Calculate (-1 + -9 - 2 - (14 - (-1 - -56))) + -3.
26
What is 20 - (3 + 15 + -4 + -23)?
29
-38 - (-22 + 13 - 10) - 2
-21
What is 82 - ((18 - 54) + 73)?
45
Evaluate 10 + (0 - (9 + (-15 - (-97 - 5)))).
-86
Evaluate 21 + 0 - (-10976 + 11136).
-139
Evaluate 96 - ((90 - 70) + 31).
45
96 - ((10 + 1 - (316 + -326)) + -12)
87
What is the value of 55 + 1 + (62 - -62) + -150?
30
What is 0 + (-6 + 1 - -18 - 40)?
-27
What is the value of -42 - ((2 - (-9 - (-8 - -1))) + 5 + -11)?
-40
What is 21 + -25 + -7 - -55?
44
What is the value of 10 - (111 + -143 - (-1 - 14))?
27
(0 - (8 + -4)) + -12 - (1 + -61)
44
Evaluate (71 - 70 - 34) + -8.
-41
Evaluate (18 - (-9 + 70)) + 10.
-33
Calculate -7 + (1 - (-14 - -6)) + (-37 - -54).
19
What is the value of 31 + (36 - 70) + -25?
-28
18 - (83 + -29 + -107 + (1 - 1))
71
What is the value of (0 - 2 - -39) + (127 - 17 - 123)?
24
What is the value of -6 + 10 - (3 + 10 + -18) - -34 - 5?
38
-28 - (89 - 189 - -87 - (-6 + 1))
-20
Calculate -77 + (26 - -41) + 0 + 28.
18
-1 + -1 - 1 - (-153 - (-27 + (-9 - 6)))
108
Evaluate 52 + (-92 - (14 - 62)).
8
What is the value of -3348 - -3286 - (2 - (0 + 9))?
-55
What is (-7 + 4 + -1 - -1) + (-68 - -87)?
16
9 + (-116 - -91) - -21
5
(-53 - (-72 + -17)) + -4
32
Evaluate 19 + -40 - (-9 - (15 - -27)).
30
What is 40 - (0 + 2) - (-4538 + 4496)?
80
Calculate -30 - (158 - 154 - (-1 - -15) - -11).
-31
(-28 - -22) + (20 - 4) + -1
9
Calculate 52 + (-211 + 237 - (-4 + (-2 - -1 - -18))).
65
292 + 8 + -314 + (2 - (-1 - -2)) + -30
-43
What is (13 - (6 + 6)) + (-9 - -37 - -3)?
32
Calculate 23 - (-102 - -138 - (5 - 39)).
-47
What is (-1 - 0) + 2152 + -2190 - -70?
31
Evaluate 44 + (2 - (-13 + 9) - (4 - (-2 + -3))).
41
6 + 3 + -1 - (-254 + 262)
0
What is 1 + 1 - (66 - -3) - (-611 - -628)?
-84
Evaluate 4 - ((24 - (9 - 0)) + -3) - (-74 - 3).
69
What is the value of (20 + -1 - (-57 + 76)) + -39 + 2 + 3?
-34
What is the value of -3 + 22 - -10 - (10 + (-22 - (-18 - -10)))?
33
What is -11 - 2 - (-28 - (38 + 20) - -23)?
50
What is (-120 - -1) + (278 + -39 - 224)?
-104
What is -87 - -52 - ((2 - 1) + (2 - -4)) - -4?
-38
Calculate -1 + -66 - (-3 - -2 - -6 - (-315 + 309)).
-78
-2 + -26 + (12 - (-15 + -5 + 41))
-37
What is 11 + (2 - 2) + (-24 - ((17 - 29) + -24))?
23
What is the value of 2 - (-24 - (38 - 120))?
-56
What is the value of -5769 + 5786 - (-1 - -8 - 1) - (-18 - 2)?
31
Evaluate (90 - 240) + 34 + 5 + -4 + -13.
-128
What is the value of 84 + 107 + -175 + (-1 - (3 + 93))?
-81
What is the value of -7 - (-2 - -1) - (-7 + -7 + 53)?
-4